+ t. Is g a composite number?
False
Let h(k) = -216*k**3 - 2*k**2 - 2*k. Let n be h(-1). Let c = 375 - n. Is c a composite number?
True
Suppose -5*h = 640 + 1260. Let j = -166 - h. Is j composite?
True
Let q(o) = 2*o**2 + 18*o - 65. Is q(-27) a composite number?
False
Suppose 2*d + 44 = -2*d. Let z = 25 + d. Is z a composite number?
True
Let f = 6 + -3. Let s(b) = 4 + b**2 - 7*b + f + 0. Is s(7) composite?
False
Suppose 5*n + 3*m + 0*m - 19 = 0, -5*m = 4*n - 23. Is 1099 - n/(4/4) a composite number?
False
Suppose 67*v - 935109 = 4*v. Is v a prime number?
True
Let l be ((-9)/(-6))/((-6)/8). Is -3 + (l - 0 - -1168) a prime number?
True
Suppose 5*q - 108 = -8. Suppose 3*x - x - 11502 = -w, -q = -5*w. Is x a composite number?
False
Suppose 0 = 2*p + 3*p - 10. Suppose p*s + 6 = -5*a, -6*s + s - 15 = 0. Suppose a = -0*q - 2*q + 286. Is q a composite number?
True
Suppose -4*t - 2*g = -42406, 0 = 42*t - 40*t - g - 21201. Is t a composite number?
False
Suppose -4*z - 1 + 9 = 0. Suppose l = z*d - 410, -d - 2*l + 196 = 2*l. Let h = d - 117. Is h composite?
True
Let r = 23 + -25. Let f = r - -7. Suppose 4*k + 90 = -5*s + 823, -f*k = 15. Is s composite?
False
Is 14*904/28 + (-4 - -1) prime?
True
Let r(k) = 10*k**3 + 8*k**3 - 11 - 22*k**3 - 6*k. Is r(-6) prime?
False
Is (-37 + -84405)*(-9)/6*1 a prime number?
False
Suppose 0 = -84*q + 80*q + 40132. Is q composite?
True
Let c(h) = -h**3 + 3*h**2 - 6*h + 19. Let z be c(3). Suppose d - 2*j = 5*d - 10438, 0 = -j + z. Is d prime?
True
Let d(j) = -j**2 + 2*j + 319. Let p(m) = m**2 - 3*m. Let t be p(3). Is d(t) a prime number?
False
Suppose 0 = -0*k + 6*k - 36. Suppose -k*y = -2*y - 388. Is y a composite number?
False
Is 13044/5 + 9/(-180)*-4 composite?
False
Is (-37 - 2)*-134 - (137 + -138) a prime number?
True
Suppose 31*i - 13*i - 8622 = 0. Is i a composite number?
False
Suppose c - 4*j - 13 - 1242 = 0, -3*c + 3*j = -3774. Is c prime?
True
Let g be (-4)/(-3)*3*5. Is ((-15592)/g)/((-46)/(-10) + -5) prime?
True
Suppose -38*i + 34 = -37*i. Is i a composite number?
True
Let z(k) = 3*k**2 + 6*k + 2. Let d be z(-2). Suppose -4*f + 541 = -3*q + 34, 0 = d*q - 6. Is f a prime number?
False
Is -3092*(-38)/(-12)*(-39)/26 a prime number?
False
Let c(f) be the third derivative of -19*f**4/12 + f**3/6 - 6*f**2. Let n be c(-1). Suppose -4*x + n - 143 = -2*z, -z + 82 = 4*x. Is z prime?
False
Is (-534)/(-8)*(222/18 + 5) composite?
True
Let a be 1 - -6*1/2. Let c = 0 + a. Is (-1 + 2)/(c/452) a prime number?
True
Let r(d) = -d**3 - 6*d**2 - d + 12. Let t be r(0). Suppose -7*f = -t*f + 4385. Is f a composite number?
False
Let u = 1827 - 867. Suppose -2*r + 386 = -u. Is r a composite number?
False
Suppose 3*o = 4*q - 24, q = -4*o - 9 - 4. Let g be ((-8)/10)/(o/20). Suppose -508 = -3*c + 5*u, -g - 1 = u. Is c prime?
False
Let d(k) = k. Let p(c) = -172*c + 10. Let u(b) = -d(b) - p(b). Is u(7) a composite number?
False
Let l = -4167 + 11368. Is l a composite number?
True
Let l = 4 + 10. Let p be (l - 0)/(-1 + 3). Let w(s) = -s**3 + 10*s**2 - 6*s + 8. Is w(p) composite?
False
Let k(m) = -90*m + 7. Let j(z) = 90*z - 8. Let q(p) = -6*j(p) - 7*k(p). Let c be q(2). Let y = -66 + c. Is y composite?
False
Suppose -2*r = -3*y + 8*y - 86, 144 = 4*r + 3*y. Let g = r + -14. Is g composite?
False
Let t(a) = -300*a**3 - 2*a**2. Let r be t(-2). Let b = 1451 - r. Is b/(-2) + (-5)/(-10) composite?
True
Let r(q) = 79*q**2 + 82*q + 252. Is r(-3) prime?
False
Let p = 26 - 17. Let o = p + -5. Suppose -o*t + 300 = -336. Is t composite?
True
Let l(v) = -167*v - 28. Let f be l(6). Is f/(-50) + (-2)/(-5) composite?
True
Let m(s) = -s**3 - 3*s**2 - 2*s + 1. Let b be m(-2). Suppose 3*d + 14 = -4*u, 0*d - 4*d - 4 = -2*u. Is b/d*(-166 + 0) a composite number?
False
Suppose 9*j + 10 = 4*j. Let w(s) = -3 + 2 - 1111*s - 2. Is w(j) a composite number?
True
Let t(n) = -4336*n - 53. Is t(-4) a composite number?
False
Let z(m) = 2*m**2 + 11*m - 19. Let i = -57 + 67. Is z(i) composite?
True
Let c(i) = 66*i - 19. Is c(5) a composite number?
False
Let h = -12 + 21. Let o be (12/h)/(1/3). Suppose -o*k + 0*k = -644. Is k a composite number?
True
Let n(g) = -45*g + 12. Let j = -27 - -20. Is n(j) a prime number?
False
Suppose 4 = -3*w + 2*w + 3*t, -5*w = t - 44. Let l = w - 3. Suppose -l*i = -194 - 1121. Is i prime?
True
Let q = 3435 - 2444. Is q composite?
False
Let y(r) = 15*r**3 + r**2 - 2*r + 7. Is y(3) a prime number?
False
Suppose y = -3*h + 87, 123 = 4*y + 5*h - 204. Suppose -y + 301 = m. Is m a prime number?
True
Let a(m) = -4*m**3 + 6*m**2 + 44*m + 1. Is a(-8) a composite number?
False
Suppose 0 = 5*q - 5*g - 45, 0 = -4*q - g - 7 + 18. Let w be (q/6)/(2/6). Suppose 6*b - 6305 = b + 2*t, -w*b + 2*t + 2528 = 0. Is b prime?
True
Let a = 28366 + -5753. Is a a composite number?
False
Suppose 6*v + 3*x = 3*v + 6483, 6469 = 3*v - 4*x. Is v a prime number?
False
Let a(l) = 2*l + 21. Let u be a(-10). Is (1 + u + -175)*-3 composite?
True
Suppose -4*q - 1198 - 1550 = -2*x, 2742 = -4*q + 5*x. Let f = -273 - q. Is f a composite number?
True
Suppose 3*n - 2929 = 3*t + 6626, 0 = -2*n - 6. Is (-1 - (-2)/6) + t/(-12) composite?
True
Let f = -102 + 94. Let t(a) = -50*a - 2. Is t(f) a prime number?
False
Suppose -2*j = -5*o + 11641, -10*j = 4*o - 8*j - 9302. Is o a prime number?
False
Let z = -28216 - -75707. Is z a composite number?
False
Suppose 3*g = p - 969, 2*p + 4*g + 639 - 2577 = 0. Suppose 2*k = -k + p. Is k a composite number?
True
Let o be 2 + 1 + 0 + -9. Let k = o - -8. Suppose 4*i - 19 - 27 = -k*t, 3*t - 109 = 2*i. Is t a composite number?
True
Suppose 1114 = 2*t - 4*s, 5*t + 3*s - 2264 = 495. Is t a composite number?
True
Let o be (1*-2)/((-8)/20). Suppose 2 = -s, 0 = -o*j - 2*s + 627 + 299. Suppose -2*u + j + 100 = 0. Is u a composite number?
True
Suppose -144 = -10*c - 6*c. Suppose 0 = -c*a + 5989 + 3704. Is a a prime number?
False
Let u = 1 + -84. Is (27 - 24)*u/(-3) composite?
False
Suppose 11*l + 3*u + 48130 = 13*l, 5*l + 2*u - 120325 = 0. Is l a composite number?
True
Let n(y) = y**3 - 10*y**2 + 10*y - 3. Let m be n(9). Is (-6752)/(-5) - ((-165)/25 + m) composite?
True
Suppose -4590 = -0*b + 5*b. Let r = b - -1877. Is r a prime number?
False
Let c be 6 + (-3)/3 + -2. Is (c + 68/(-20))*-505 composite?
True
Let u(b) = 170*b + 12271. Is u(0) composite?
True
Let a(b) = 19*b**2 - 3*b. Let w be a(3). Let l be ((-4)/3)/(36/w). Is (87 - 2)/(l/(-6)) composite?
True
Let z(q) = q**3 + 11*q**2 + 12*q - 10. Let f be z(-10). Let d = f - -16. Is (4 + -2)*(-637)/d a composite number?
True
Let o(s) be the third derivative of -s**3 + 0*s + 5/24*s**4 + 0 + 4*s**2. Is o(5) composite?
False
Suppose -388*i + 38022 = -382*i. Is i prime?
True
Let s be (8/6)/(2/606). Suppose 5*c + 5*b = 2130, c - 25 - s = 2*b. Is c a composite number?
True
Let o = 17 + -15. Let q be (201/o)/(3/(-18)). Let g = -402 - q. Is g composite?
True
Let w = -4611 - -27464. Is w a composite number?
False
Let m be 18/(-4)*12/(-18) - -2158. Suppose -2*v = i - m, 3*v = 2*v - i + 1080. Is v composite?
True
Let k = 3838 + -1353. Let b be (16/(-10) - 6/15)*-3. Suppose b*g - k = g. Is g a prime number?
False
Let j be (4*3)/((-3)/(-174)). Let y = j - -331. Is y composite?
True
Let x(p) = -118*p**3 - 3 + 87*p**3 + 10*p + 2*p**2 + 3*p**2. Is x(-4) prime?
False
Let q = -7 + 11. Suppose 1887 = -q*o + 7*o. Is o composite?
True
Suppose 154*r - 161*r = -30289. Is r a composite number?
False
Suppose 0 = 3*a - 18 + 3. Suppose a*q - 4463 - 242 = 0. Is q prime?
True
Let z = 2441 + 5274. Suppose d + 4*d - z = 0. Is d prime?
True
Let c = 22 + -29. Let w be c/(-56) + (-31)/(-8). Suppose b + 760 = 4*v, w*v - 4*b - 748 = -0*b. Is v a prime number?
True
Let s(r) be the third derivative of -r**5/12 - 3*r**4/8 - 4*r**3/3 + 9*r**2. Let v be s(-8). Let y = 367 + v. Is y prime?
False
Let p(m) = m**3 + 9*m**2 - 12*m - 6. Let n be p(-10). Let v(q) = q**3 - 12*q**2 + 15*q - 9. Is v(n) prime?
True
Let o be 364/((2/5)/(-18 + 17)). Let v = -411 - o. Is v a composite number?
False
Suppose -4*r + 285 + 9887 = 0. Is r a composite number?
False
Let x = 25 - 19. Suppose -628 = -x*l + 2*l. Is l composite?
False
Let i = 38 - 35. Is 6/9 - ((-1294)/i + 1) prime?
True
Suppose -18*t + 11*t = -1043. Is t prime?
True
Suppose 17*x = 11961 + 52690. Is x composite?